 of 42 and j?
7
Let o = 718 + -688. Calculate the highest common divisor of o and 75.
15
Let i(a) = -a**3 + 16*a**2 - 17*a + 8. Let f be i(15). Let d be 1 + (f/(-4) - -4)*2. Let y be (3 + 1)*(34 + 1). What is the highest common factor of d and y?
20
Suppose -4 = 4*c, 8*c = -5*a + 5*c + 37. Suppose 3*p - 5*p = -8. Suppose -4*m = -0*m + 2*w - 12, 2*w + 4 = p*m. Calculate the highest common factor of m and a.
2
Suppose -t + 3*t - 10 = 0. Suppose -3*l - 252 = -t*l. Calculate the highest common divisor of 21 and l.
21
Let d be -54*(-2)/4*1. Let o be (d - (4 + -2)) + 3. Let k be 7/o - (-59)/4. What is the greatest common divisor of k and 15?
15
Let q be (9 - 6)/(((-8)/(-150))/4). Suppose -o = -0*o + 1, 2*o = -j + 23. Calculate the greatest common divisor of j and q.
25
Let t(p) = p**3 + 4*p**2 - 6*p - 2. Let q be t(-5). Let v(a) = a + 3 + q - 2 + 1. Let z be v(7). Calculate the greatest common divisor of z and 96.
12
Let u = -22 + 56. Suppose -96 = u*f - 36*f. Calculate the greatest common divisor of 32 and f.
16
Suppose 0*d + 16 = 5*m + d, -1 = -d. Suppose 5*w = -3*n + 105, -w + m*n + 9 + 30 = 0. Let q = 84 - w. What is the greatest common divisor of q and 90?
30
Let y = 2468 - 928. What is the greatest common divisor of 70 and y?
70
Suppose -5*a + 12 + 9 = 3*r, -3*r - 2*a = -30. Let o = r - -6. What is the highest common factor of 198 and o?
18
Suppose 5*q - 76 = 1004. Let g be (6/(-10))/(42/(-1890)). Calculate the greatest common divisor of q and g.
27
Let g = 25 - -416. Let y = 166 + -117. What is the greatest common divisor of y and g?
49
Let t be (-99)/6*4/(-6). Let d = 321 + -244. Calculate the greatest common factor of t and d.
11
Let h be ((-7)/2)/1*(-124)/2. What is the greatest common divisor of h and 31?
31
Suppose -4*g = 120 + 184. Let i = -54 - g. Let t be 3/2 - 2/(-4). What is the greatest common factor of t and i?
2
Let d be -3 + -3*(5 + (-103)/3). What is the highest common factor of d and 595?
85
Let v be (-149)/(-7) + 4/(-14). Let i(w) = 307*w + 328. Let f be i(-1). What is the greatest common divisor of v and f?
21
Suppose -5*q + 3 + 142 = 0. Let a = q - 20. Calculate the highest common factor of a and 45.
9
Suppose -1580 = -10*g + 1640. What is the highest common divisor of g and 42?
14
Let r be ((-156)/(-21))/((-1)/(-14)). Calculate the greatest common divisor of 26 and r.
26
Let j(v) = v**2 - 31*v - 19. Let z be j(-13). Suppose -2*u = -3*u - 3, u + z = 2*p. What is the greatest common factor of 25 and p?
25
Let w = 2018 + -1995. Let z(j) = 208*j - 1. Let r be z(1). Calculate the greatest common divisor of r and w.
23
Suppose -4*r + 21 + 15 = 0. Let p(q) = -3*q**2 - q**3 - 3*q + 7 + q**2 - q**2. Let b be p(-5). What is the greatest common divisor of r and b?
9
Let i(h) = h**2 - 3*h - 13. Let q be i(6). What is the highest common factor of q and 95?
5
Let u = -211 - -288. Calculate the greatest common factor of u and 33.
11
Let z(h) = h**3 + 7*h**2 - 7*h + 2. Let v be z(-6). Suppose 89 = 2*s + 33. Let k = s - 20. Calculate the greatest common divisor of v and k.
8
Suppose -3*t + 5*n + 1516 + 2083 = 0, 0 = t - 2*n - 1201. Suppose -t + 4383 = 10*w. Calculate the greatest common divisor of 29 and w.
29
Suppose 5*h = 5, 12 - 2 = w - 3*h. What is the greatest common divisor of 1417 and w?
13
Suppose -5*q = 2*m + 12, -3*m + m - 2*q = 0. Suppose v = 5*j + 13, -2*v + m*j + 30 = 4. Calculate the greatest common divisor of v and 117.
13
Suppose 0 = a + 3*s - 43 + 14, -5*a + s = -81. Let h = a - 17. Suppose h = 4*j - 61 - 7. What is the greatest common factor of j and 68?
17
Let s = -523 + 539. Calculate the greatest common factor of 92 and s.
4
Let l(q) = -41*q + 248. Let f be l(4). What is the highest common divisor of f and 1036?
28
Let y(j) = -91*j + 835. Let k be y(8). What is the highest common divisor of 749 and k?
107
Let f be 1580/(-130) - 2/(-13). Let o = f - -3. Let n be -5*o/(45/26). What is the greatest common divisor of n and 13?
13
Let f(m) be the second derivative of 1/12*m**4 + 1/6*m**3 - 7/2*m**2 + 0 - 3*m. Let p be f(3). What is the greatest common divisor of p and 25?
5
Let p be 1*(1 + 35 - 2). Let w be (4 - p)*726/(-15). Let t be w/18*9/6. What is the greatest common factor of t and 11?
11
Suppose -3*z + 3*b - 6*b + 156 = 0, -2*b - 104 = -2*z. What is the greatest common factor of 325 and z?
13
Suppose -19 = -5*j + 46. Suppose -s = 24 + 140. Let o = -99 - s. What is the greatest common divisor of j and o?
13
Suppose 4*b - 4*p - 107 = -7*p, 0 = -2*b + 3*p + 31. Calculate the highest common divisor of 115 and b.
23
Suppose 2*o + 26 = s, 3*o + 2*o + 57 = 2*s. Calculate the greatest common factor of s and 24.
8
Let f be 536/20 - 2/(-10). Let r(m) = 17*m + 2. Let j be r(11). What is the highest common divisor of j and f?
27
Let g(x) = 6*x**2 + 2*x + 2. Let c be g(-2). Suppose -2*k - 2*y = 3*k - 165, 165 = 5*k + 3*y. What is the highest common factor of c and k?
11
Let s be (-18)/12*(1 - 7). Let z = s + 0. Suppose -5*i = -z*i + 504. What is the greatest common factor of i and 14?
14
Let c be (14/(-10) - -1)*150/(-60). What is the greatest common factor of c and 151?
1
Let j = 17 + 19. Suppose 5*q + 6 - j = 0. Calculate the greatest common factor of 48 and q.
6
Let y(r) = -r**2 + 12*r - 10. Let c be y(11). Let l be (-6 - -5)*c*-221. What is the greatest common divisor of 17 and l?
17
Suppose 0*l - 5*v - 9 = -4*l, 0 = -l - 2*v + 12. Let y be (4/l)/((-3)/(-243)). Let m = 171 + y. Calculate the greatest common factor of m and 25.
25
Let g be ((-126)/(-168))/(6/80). Let l be (-33)/(-9) + 2/6. Calculate the greatest common factor of l and g.
2
Let q = 12 - 7. Let v = 12 - q. Let c = 18 - v. What is the greatest common divisor of 121 and c?
11
Let j(w) = 6*w**2 - 10*w - 1. Let v(t) = 4*t - 2. Let u be v(2). Let f be j(u). Suppose 51 = -4*o + f. Calculate the highest common factor of 65 and o.
13
Let z(q) = -q**2 + 8*q - 9. Let x be (8/2)/(-2) - -8. Let a be z(x). Let b be (5 - (4 - -2))/((-2)/30). Calculate the highest common factor of b and a.
3
Suppose -2*y + 46 = 5*h, 3*y - 32 = -5*h + 27. Calculate the greatest common factor of y and 117.
13
Suppose -l = 3*l. Suppose 3*x - 48 - 21 = l. What is the highest common divisor of x and 46?
23
Let j = 1626 - 2609. Let p = 623 + j. Let c be (2/5)/((-2)/p). What is the greatest common factor of 8 and c?
8
Let z = 129 - 55. Suppose -3*x = -270 - 63. Calculate the highest common divisor of z and x.
37
Let c be 3/(-6*(-3)/30). Suppose -2*n = -4, 4*i - c*n - 72 - 186 = 0. Let x be -1*(-1 - (-3 + i)). Calculate the highest common factor of 26 and x.
13
Let l(w) = -5 + 6 - 6*w**3 + w + w**2 - w**3. Let i be l(-2). Suppose -5*p - 4 + i = 0. Calculate the greatest common divisor of p and 55.
11
Suppose -5*i - 121 + 146 = 0. Let o be (i + -4)/((-1)/(-10)). Calculate the greatest common factor of o and 30.
10
Let h(j) = 2*j**2 - 2*j + 6. Let t be h(-3). Let k be ((-24)/(-10))/(6/t). What is the highest common factor of 36 and k?
12
Let l be (-3)/18 - (-191)/(-6). Let g = -28 - l. Suppose -g = 5*q - 39. What is the greatest common factor of 77 and q?
7
Let d be (615/(-10))/((-15)/110). What is the highest common divisor of 41 and d?
41
Suppose -2*q + 1 = -17. Let b be ((-2)/(-5 - -3))/((-1)/(-2)). What is the highest common divisor of b and q?
1
Let g(u) = 45*u + 622. Let a be g(-12). Calculate the greatest common factor of a and 123.
41
Suppose -n + 0*n = 3*c - 3214, -5*c = -4*n - 5385. Let y = -745 + c. Calculate the highest common divisor of 41 and y.
41
Let l(u) = u**3 - 10*u**2 + 10*u - 7. Let d be l(9). Suppose 0 = -5*k + 2*i + 30, d*i + 26 = 4*k - 0. What is the highest common factor of k and 32?
4
Let z(h) = -h - 14. Let t be z(-13). Let b be (t - -28) + 13 + -12. Let k = b - 14. Calculate the highest common divisor of k and 112.
14
Suppose -47*s + 52*s = 450. What is the highest common divisor of s and 300?
30
Suppose -5*v = -2*c - 8, -4*v + 7 = -2*c - 1. Let n = 5 - c. Suppose 188 + 37 = 5*z. Calculate the highest common divisor of z and n.
9
Let a(s) = -2*s**3 - 9*s**2 + 6*s + 21. Let v be a(-7). Calculate the highest common factor of v and 616.
56
Let g(j) = 8*j**2 - 2*j - 2. Let c be g(2). Let d be (-2 - (-11)/5) + (-2496)/(-195). Calculate the highest common divisor of c and d.
1